{"id":278,"date":"2023-10-01T22:34:15","date_gmt":"2023-10-01T22:34:15","guid":{"rendered":"https:\/\/dr-ayed-sirine-medecin-dentistes.com\/?page_id=278"},"modified":"2023-10-04T10:51:23","modified_gmt":"2023-10-04T10:51:23","slug":"examens-dentaires-et-soins-preventifs","status":"publish","type":"page","link":"https:\/\/dr-ayed-sirine-medecin-dentistes.com\/index.php\/a-propos-de-nous\/examens-dentaires-et-soins-preventifs\/","title":{"rendered":"Examens Dentaires et Soins Pr\u00e9ventifs"},"content":{"rendered":"\n<div class=\"wp-block-columns is-layout-flex wp-container-core-columns-is-layout-9d6595d7 wp-block-columns-is-layout-flex\">\n<div class=\"wp-block-column is-layout-flow wp-block-column-is-layout-flow\" style=\"flex-basis:66.66%\">\n<!DOCTYPE html>\n<html>\n<head>\n<\/head>\n<body>\n  <p style=\"text-align: justify;\">\n     <strong>Examens Dentaires et Soins Pr\u00e9ventifs :<\/strong>\n  <\/p>\n  <ul>\n    <li>\n      <p style=\"text-align: justify;\"> <strong>Examens Dentaires Complets :<\/strong> Les examens dentaires complets sont l&#8217;un des piliers essentiels d&#8217;une excellente hygi\u00e8ne bucco-dentaire. Ils vont au-del\u00e0 d&#8217;un simple contr\u00f4le visuel, englobant une \u00e9valuation minutieuse de l&#8217;\u00e9tat g\u00e9n\u00e9ral de votre sant\u00e9 bucco-dentaire. Cette d\u00e9marche comprend des contr\u00f4les visuels approfondis, l&#8217;utilisation de radiographies modernes et une \u00e9valuation d\u00e9taill\u00e9e de la sant\u00e9 de vos gencives. Nos professionnels exp\u00e9riment\u00e9s effectuent ces examens pour d\u00e9tecter pr\u00e9cocement tout probl\u00e8me dentaire \u00e9mergent. Cette vigilance permet de mettre en place des traitements pr\u00e9ventifs ou correctifs avant que les probl\u00e8mes ne s&#8217;aggravent, assurant ainsi la p\u00e9rennit\u00e9 de votre sourire \u00e9clatant.<\/p>\n    <\/li>\n    <li>\n      <p style=\"text-align: justify;\"> <strong>Nettoyages et Soins Pr\u00e9ventifs :<\/strong> Les nettoyages dentaires r\u00e9guliers, connus sous le nom de prophylaxies, rev\u00eatent une importance capitale pour maintenir une excellente sant\u00e9 bucco-dentaire. Ils sont con\u00e7us pour \u00e9liminer efficacement la plaque dentaire et le tartre, deux facteurs majeurs de maladies dentaires courantes telles que les caries et les maladies des gencives. Nos professionnels d\u00e9di\u00e9s effectuent ces nettoyages minutieux pour garantir que votre bouche reste propre et saine. Un environnement bucco-dentaire propre contribue \u00e0 pr\u00e9venir les probl\u00e8mes futurs, \u00e0 maintenir une haleine fra\u00eeche et \u00e0 conserver des dents et des gencives en excellent \u00e9tat. Nos soins pr\u00e9ventifs sont essentiels pour soutenir votre bien-\u00eatre oral global.<\/p>\n    <\/li>\n  <\/ul>\n<\/body>\n<\/html>\n<\/div>\n\n\n\n<div class=\"wp-block-column is-layout-flow wp-block-column-is-layout-flow\"><\/div>\n\n\n\n<div class=\"wp-block-column is-layout-flow wp-block-column-is-layout-flow\" style=\"flex-basis:33.33%\"><div class=\"wp-block-image\">\n<figure class=\"aligncenter size-large is-resized has-custom-border\"><img loading=\"lazy\" decoding=\"async\" src=\"https:\/\/dr-ayed-sirine-medecin-dentistes.com\/wp-content\/uploads\/2023\/10\/young-female-patient-visiting-dentist-office-1024x683.jpg\" alt=\"\" class=\"wp-image-491\" style=\"border-radius:59px;width:375px;height:250px\" width=\"375\" height=\"250\" srcset=\"https:\/\/dr-ayed-sirine-medecin-dentistes.com\/wp-content\/uploads\/2023\/10\/young-female-patient-visiting-dentist-office-1024x683.jpg 1024w, https:\/\/dr-ayed-sirine-medecin-dentistes.com\/wp-content\/uploads\/2023\/10\/young-female-patient-visiting-dentist-office-300x200.jpg 300w, https:\/\/dr-ayed-sirine-medecin-dentistes.com\/wp-content\/uploads\/2023\/10\/young-female-patient-visiting-dentist-office-768x512.jpg 768w, https:\/\/dr-ayed-sirine-medecin-dentistes.com\/wp-content\/uploads\/2023\/10\/young-female-patient-visiting-dentist-office-1536x1024.jpg 1536w, https:\/\/dr-ayed-sirine-medecin-dentistes.com\/wp-content\/uploads\/2023\/10\/young-female-patient-visiting-dentist-office-2048x1365.jpg 2048w\" sizes=\"auto, (max-width: 375px) 100vw, 375px\" \/><\/figure>\n<\/div><\/div>\n<\/div>\n\n\n\n<p class=\"has-text-align-right\"><\/p>\n\n\n\n\n\n<div class=\"wp-block-columns is-layout-flex wp-container-core-columns-is-layout-9d6595d7 wp-block-columns-is-layout-flex\">\n<div class=\"wp-block-column is-layout-flow wp-block-column-is-layout-flow\">\n<figure class=\"wp-block-image size-large is-resized is-style-rounded\"><img loading=\"lazy\" decoding=\"async\" src=\"https:\/\/dr-ayed-sirine-medecin-dentistes.com\/wp-content\/uploads\/2023\/10\/ordinateur-portable-radiography-1024x683.jpg\" alt=\"\" class=\"wp-image-310\" style=\"width:228px;height:152px\" width=\"228\" height=\"152\" srcset=\"https:\/\/dr-ayed-sirine-medecin-dentistes.com\/wp-content\/uploads\/2023\/10\/ordinateur-portable-radiography-1024x683.jpg 1024w, https:\/\/dr-ayed-sirine-medecin-dentistes.com\/wp-content\/uploads\/2023\/10\/ordinateur-portable-radiography-300x200.jpg 300w, https:\/\/dr-ayed-sirine-medecin-dentistes.com\/wp-content\/uploads\/2023\/10\/ordinateur-portable-radiography-768x512.jpg 768w, https:\/\/dr-ayed-sirine-medecin-dentistes.com\/wp-content\/uploads\/2023\/10\/ordinateur-portable-radiography-1536x1024.jpg 1536w, https:\/\/dr-ayed-sirine-medecin-dentistes.com\/wp-content\/uploads\/2023\/10\/ordinateur-portable-radiography-2048x1365.jpg 2048w\" sizes=\"auto, (max-width: 228px) 100vw, 228px\" \/><\/figure>\n<\/div>\n\n\n\n<div class=\"wp-block-column is-layout-flow wp-block-column-is-layout-flow\">\n<figure class=\"wp-block-image size-large is-resized is-style-rounded\"><img loading=\"lazy\" decoding=\"async\" src=\"https:\/\/dr-ayed-sirine-medecin-dentistes.com\/wp-content\/uploads\/2023\/10\/portrait-jeune-fille-souriante-qui-nettoie-ses-dents-1024x683.jpg\" alt=\"\" class=\"wp-image-311\" style=\"width:232px;height:155px\" width=\"232\" height=\"155\" srcset=\"https:\/\/dr-ayed-sirine-medecin-dentistes.com\/wp-content\/uploads\/2023\/10\/portrait-jeune-fille-souriante-qui-nettoie-ses-dents-1024x683.jpg 1024w, https:\/\/dr-ayed-sirine-medecin-dentistes.com\/wp-content\/uploads\/2023\/10\/portrait-jeune-fille-souriante-qui-nettoie-ses-dents-300x200.jpg 300w, https:\/\/dr-ayed-sirine-medecin-dentistes.com\/wp-content\/uploads\/2023\/10\/portrait-jeune-fille-souriante-qui-nettoie-ses-dents-768x512.jpg 768w, https:\/\/dr-ayed-sirine-medecin-dentistes.com\/wp-content\/uploads\/2023\/10\/portrait-jeune-fille-souriante-qui-nettoie-ses-dents-1536x1024.jpg 1536w, https:\/\/dr-ayed-sirine-medecin-dentistes.com\/wp-content\/uploads\/2023\/10\/portrait-jeune-fille-souriante-qui-nettoie-ses-dents-2048x1365.jpg 2048w\" sizes=\"auto, (max-width: 232px) 100vw, 232px\" \/><\/figure>\n<\/div>\n\n\n\n<div class=\"wp-block-column is-layout-flow wp-block-column-is-layout-flow\">\n<figure class=\"wp-block-image size-large is-resized is-style-rounded\"><img loading=\"lazy\" decoding=\"async\" src=\"https:\/\/dr-ayed-sirine-medecin-dentistes.com\/wp-content\/uploads\/2023\/10\/dents-blanches-1024x683.jpg\" alt=\"\" class=\"wp-image-313\" style=\"width:238px;height:159px\" width=\"238\" height=\"159\" srcset=\"https:\/\/dr-ayed-sirine-medecin-dentistes.com\/wp-content\/uploads\/2023\/10\/dents-blanches-1024x683.jpg 1024w, https:\/\/dr-ayed-sirine-medecin-dentistes.com\/wp-content\/uploads\/2023\/10\/dents-blanches-300x200.jpg 300w, https:\/\/dr-ayed-sirine-medecin-dentistes.com\/wp-content\/uploads\/2023\/10\/dents-blanches-768x512.jpg 768w, https:\/\/dr-ayed-sirine-medecin-dentistes.com\/wp-content\/uploads\/2023\/10\/dents-blanches-1536x1024.jpg 1536w, https:\/\/dr-ayed-sirine-medecin-dentistes.com\/wp-content\/uploads\/2023\/10\/dents-blanches-2048x1365.jpg 2048w\" sizes=\"auto, (max-width: 238px) 100vw, 238px\" \/><\/figure>\n<\/div>\n<\/div>\n","protected":false},"excerpt":{"rendered":"<p>Examens Dentaires et Soins Pr\u00e9ventifs : Examens Dentaires Complets : Les examens dentaires complets sont l&#8217;un des piliers essentiels d&#8217;une excellente hygi\u00e8ne bucco-dentaire. Ils vont au-del\u00e0 d&#8217;un simple contr\u00f4le visuel, englobant une \u00e9valuation minutieuse de l&#8217;\u00e9tat g\u00e9n\u00e9ral de votre sant\u00e9 bucco-dentaire. Cette d\u00e9marche comprend des contr\u00f4les visuels approfondis, l&#8217;utilisation de radiographies modernes et une \u00e9valuation [&hellip;]<\/p>\n","protected":false},"author":1,"featured_media":0,"parent":19,"menu_order":1,"comment_status":"closed","ping_status":"closed","template":"","meta":{"footnotes":""},"class_list":["post-278","page","type-page","status-publish","hentry"],"_links":{"self":[{"href":"https:\/\/dr-ayed-sirine-medecin-dentistes.com\/index.php\/wp-json\/wp\/v2\/pages\/278","targetHints":{"allow":["GET"]}}],"collection":[{"href":"https:\/\/dr-ayed-sirine-medecin-dentistes.com\/index.php\/wp-json\/wp\/v2\/pages"}],"about":[{"href":"https:\/\/dr-ayed-sirine-medecin-dentistes.com\/index.php\/wp-json\/wp\/v2\/types\/page"}],"author":[{"embeddable":true,"href":"https:\/\/dr-ayed-sirine-medecin-dentistes.com\/index.php\/wp-json\/wp\/v2\/users\/1"}],"replies":[{"embeddable":true,"href":"https:\/\/dr-ayed-sirine-medecin-dentistes.com\/index.php\/wp-json\/wp\/v2\/comments?post=278"}],"version-history":[{"count":63,"href":"https:\/\/dr-ayed-sirine-medecin-dentistes.com\/index.php\/wp-json\/wp\/v2\/pages\/278\/revisions"}],"predecessor-version":[{"id":622,"href":"https:\/\/dr-ayed-sirine-medecin-dentistes.com\/index.php\/wp-json\/wp\/v2\/pages\/278\/revisions\/622"}],"up":[{"embeddable":true,"href":"https:\/\/dr-ayed-sirine-medecin-dentistes.com\/index.php\/wp-json\/wp\/v2\/pages\/19"}],"wp:attachment":[{"href":"https:\/\/dr-ayed-sirine-medecin-dentistes.com\/index.php\/wp-json\/wp\/v2\/media?parent=278"}],"curies":[{"name":"wp","href":"https:\/\/api.w.org\/{rel}","templated":true}]}}